red thousands digit of 7193701554?
7
What is the hundred thousands digit of 3343275?
3
What is the ten millions digit of 469360889?
6
What is the thousands digit of 1954334638?
4
What is the hundred millions digit of 2615152477?
6
What is the thousands digit of 996154842?
4
What is the units digit of 96151198?
8
What is the units digit of 24550126?
6
What is the millions digit of 42761740?
2
What is the units digit of 269111193?
3
What is the tens digit of 4772797?
9
What is the hundred millions digit of 1688294272?
6
What is the ten millions digit of 4031032686?
3
What is the ten millions digit of 995683233?
9
What is the millions digit of 261337054?
1
What is the ten millions digit of 317422804?
1
What is the ten thousands digit of 5333265980?
6
What is the ten millions digit of 101042908?
0
What is the tens digit of 312597704?
0
What is the billions digit of 3031904380?
3
What is the units digit of 1080011502?
2
What is the millions digit of 3152438?
3
What is the ten thousands digit of 10169208?
6
What is the tens digit of 741327656?
5
What is the millions digit of 518290490?
8
What is the units digit of 40362939?
9
What is the hundreds digit of 1868147419?
4
What is the thousands digit of 687324912?
4
What is the hundred thousands digit of 1089824020?
8
What is the ten millions digit of 122973607?
2
What is the millions digit of 24142505?
4
What is the thousands digit of 122530931?
0
What is the units digit of 146314884?
4
What is the thousands digit of 2053696614?
6
What is the hundred thousands digit of 56203023?
2
What is the ten thousands digit of 3330598?
3
What is the millions digit of 7042651780?
2
What is the ten millions digit of 80687627?
8
What is the hundred millions digit of 1045303431?
0
What is the hundred millions digit of 450225904?
4
What is the units digit of 1654374408?
8
What is the hundreds digit of 92839715?
7
What is the tens digit of 442087445?
4
What is the ten millions digit of 21754727?
2
What is the ten thousands digit of 281818276?
1
What is the tens digit of 393533677?
7
What is the millions digit of 13924059?
3
What is the ten millions digit of 369006232?
6
What is the units digit of 77853666?
6
What is the ten thousands digit of 55961450?
6
What is the millions digit of 17787196?
7
What is the tens digit of 71685939?
3
What is the hundred thousands digit of 6365641?
3
What is the ten millions digit of 7946834889?
4
What is the billions digit of 2595066995?
2
What is the hundred millions digit of 1861832193?
8
What is the units digit of 63970778?
8
What is the thousands digit of 63972469?
2
What is the millions digit of 69118165?
9
What is the thousands digit of 33705817?
5
What is the ten thousands digit of 39923251?
2
What is the hundred thousands digit of 501636282?
6
What is the hundred millions digit of 607959297?
6
What is the tens digit of 2753454134?
3
What is the ten millions digit of 128612741?
2
What is the hundreds digit of 295459786?
7
What is the ten millions digit of 107316154?
0
What is the hundreds digit of 724833394?
3
What is the tens digit of 3333298371?
7
What is the hundred millions digit of 177244754?
1
What is the thousands digit of 77371999?
1
What is the hundred thousands digit of 318492619?
4
What is the tens digit of 2380766654?
5
What is the ten millions digit of 192186553?
9
What is the hundred millions digit of 130239965?
1
What is the hundred thousands digit of 391493037?
4
What is the thousands digit of 54361631?
1
What is the hundreds digit of 1989338432?
4
What is the ten millions digit of 48391961?
4
What is the hundred thousands digit of 19827070?
8
What is the hundreds digit of 22939867?
8
What is the tens digit of 430121666?
6
What is the millions digit of 1679926578?
9
What is the tens digit of 7570857219?
1
What is the hundreds digit of 20607428?
4
What is the thousands digit of 5455421?
5
What is the hundreds digit of 76759368?
3
What is the billions digit of 3063282805?
3
What is the thousands digit of 569118745?
8
What is the millions digit of 281697363?
1
What is the ten millions digit of 3962096766?
6
What is the ten millions digit of 530976927?
3
What is the hundred thousands digit of 89604814?
6
What is the billions digit of 1036105703?
1
What is the thousands digit of 86369334?
9
What is the hundreds digit of 451320303?
3
What is the ten thousands digit of 299439512?
3
What is the billions digit of 3178782337?
3
What is the millions digit of 3897742884?
7
What is the tens digit of 78900209?
0
What is the hundreds digit of 34551605?
6
What is the hundred thousands digit of 82244178?
2
What is the hundred thousands digit of 414897556?
8
What is the hundreds digit of 293452081?
0
What is the units digit of 254846078?
8
What is the ten millions digit of 4760020110?
6
What is the ten millions digit of 1275506173?
7
What is the thousands digit of 33134758?
4
What is the ten millions digit of 66398439?
6
What is the ten millions digit of 1216176829?
1
What is the hundreds digit of 13287195?
1
What is the hundred millions digit of 821500423?
8
What is the hundreds digit of 2576367630?
6
What is the hundred millions digit of 2775938448?
7
What is the thousands digit of 3547391056?
1
What is the tens digit of 1306469104?
0
What is the ten millions digit of 13288834?
1
What is the hundred thousands digit of 42583845?
5
What is the ten millions digit of 5193457176?
9
What is the units digit of 453994000?
0
What is the hundred thousands digit of 100793757?
7
What is the hundreds digit of 6555649?
6
What is the hundred thousands digit of 16798395?
7
What is the billions digit of 5238576065?
5
What is the tens digit of 127975849?
4
What is the thousands digit of 347239892?
9
What is the thousands digit of 129074807?
4
What is the tens digit of 831798996?
9
What is the ten thousands digit of 1226468211?
6
What is the ten millions digit of 440027207?
4
What is the ten millions digit of 2117455019?
1
What is the ten thousands digit of 4049076554?
7
What is the hundreds digit of 92041628?
6
What is the millions digit of 29195076?
9
What is the hundreds digit of 327245066?
0
What is the hundreds digit of 96316143?
1
What is the tens digit of 645329196?
9
What is the millions digit of 117397547?
7
What is the hundred thousands digit of 732043563?
0
What is the tens digit of 60363785?
8
What is the units digit of 331907989?
9
What is the ten thousands digit of 3523412520?
1
What is the millions digit of 301846938?
1
What is the tens digit of 366367217?
1
What is the units digit of 10105388?
8
What is the hundreds digit of 500626454?
4
What is the hundred thousands digit of 1348996053?
9
What is the ten millions digit of 601853354?
0
What is the thousands digit of 45849092?
9
What is the tens digit of 594667127?
2
What is the ten millions digit of 59954608?
5
What is the hundred millions digit of 403531442?
4
What is the thousands digit of 4704551?
4
What is the millions digit of 848382273?
8
What is the tens digit of 138405647?
4
What is the tens digit of 269708681?
8
What is the hundred thousands digit of 37593944?
5
What is the hundred thousands digit of 73961484?
9
What is the hundred millions digit of 431674034?
4
What is the millions digit of 19009970?
9
What is the ten thousands digit of 330169474?
6
What is the tens digit of 1463011530?
3
What is the thousands digit of 6221395494?
5
What is the millions digit of 229962622?
9
What is the hundred thousands digit of 855171602?
1
What is the ten thousands digit of 30065652?
6
What is the units digit of 29221328?
8
What is the ten millions digit of 44082439?
4
What is the units digit of 725156347?
7
What is the ten millions digit of 72277901?
7
What is the millions digit of 53630642?
3
What is the millions digit of 867548871?
7
What is the ten millions digit of 66985831?
6
What is the units digit of 527443740?
0
What is the billions digit of 1881419326?
1
What is the hundred thousands digit of 291466454?
4
What is the billions digit of 2089683440?
2
What is the units digit of 322068457?
7
What is the hundred thousands digit of 1385332410?
3
What is the units digit of 912611773?
3
What is the hundred thousands digit of 57672790?
6
What is the hundred millions digit of 831531996?
8
What is the ten thousands digit of 24190856?